{"id":180,"date":"2023-04-10T11:13:25","date_gmt":"2023-04-10T11:13:25","guid":{"rendered":"https:\/\/wp.kunzmann-invest.de\/?page_id=180"},"modified":"2023-04-10T11:24:26","modified_gmt":"2023-04-10T11:24:26","slug":"finanzen","status":"publish","type":"page","link":"https:\/\/kunzmann-invest.de\/?page_id=180","title":{"rendered":"Finanzen"},"content":{"rendered":"\n<h2 class=\"wp-block-heading\">Sie suchen Anlagem\u00f6glichkeiten f\u00fcr:<\/h2>\n\n\n\n<ul class=\"wp-block-list\">\n<li>Tagesgelder, freies Geld auf Girokonten und Sparb\u00fccher<\/li>\n\n\n\n<li>Wiederanlage der f\u00e4lligen Lebens- oder Rentenversicherungen<\/li>\n\n\n\n<li>Auszahlungen aus Abfindungen oder aus betrieblichen Versorgungen<\/li>\n<\/ul>\n\n\n\n<p>Jeder Anleger und Sparer hat sehr pers\u00f6nliche Anlageziele. Auch die \u201eRisiko\/Chance\u201c Bereitschaft ist sehr individuell und wird bei unseren Empfehlungen ber\u00fccksichtigt.<\/p>\n\n\n\n<h2 class=\"wp-block-heading\">Wir bieten Ihnen folgende L\u00f6sungen an:<\/h2>\n\n\n\n<ul class=\"wp-block-list\">\n<li>Das Individual Investmentdepot<br>F\u00fcr Anleger und Investoren ab 50.000 EUR<\/li>\n\n\n\n<li>Die fondsgebundene Verm\u00f6gensverwaltung<br>F\u00fcr Anleger und Investoren ab 10.000 EUR;<br>Sparbeitrag ab 100 EUR<\/li>\n\n\n\n<li>Das BfV ETF Depot<br>F\u00fcr Anleger und Investoren ab 1.000 EUR;<br>Sparbeitrag ab 50 EUR<\/li>\n<\/ul>\n\n\n\n<p>Kundenfreundlich, flexibel und transparent, unterst\u00fctzen wir Sie, ihre pers\u00f6nlichen Anlagew\u00fcnsche zu erf\u00fcllen.<\/p>\n\n\n\n<h2 class=\"wp-block-heading\">Pers\u00f6nliche Beratung<\/h2>\n\n\n\n<p>Ich w\u00fcnsche eine kostenlose Beratung zum Thema Finanzen\/Anlage und ben\u00f6tige einen pers\u00f6nlichen Termin<\/p>\n\n\n\n<div class=\"wp-block-buttons is-layout-flex wp-block-buttons-is-layout-flex\">\n<div class=\"wp-block-button\"><a class=\"wp-block-button__link wp-element-button\" href=\"https:\/\/kunzmann-invest.de\/kontakt\">Kontakt<\/a><\/div>\n<\/div>\n","protected":false},"excerpt":{"rendered":"<p>Sie suchen Anlagem\u00f6glichkeiten f\u00fcr: Jeder Anleger und Sparer hat sehr pers\u00f6nliche Anlageziele. Auch die \u201eRisiko\/Chance\u201c [&hellip;]<\/p>\n","protected":false},"author":1,"featured_media":147,"parent":0,"menu_order":0,"comment_status":"closed","ping_status":"closed","template":"","meta":{"footnotes":""},"class_list":["post-180","page","type-page","status-publish","has-post-thumbnail","hentry"],"_links":{"self":[{"href":"https:\/\/kunzmann-invest.de\/index.php?rest_route=\/wp\/v2\/pages\/180","targetHints":{"allow":["GET"]}}],"collection":[{"href":"https:\/\/kunzmann-invest.de\/index.php?rest_route=\/wp\/v2\/pages"}],"about":[{"href":"https:\/\/kunzmann-invest.de\/index.php?rest_route=\/wp\/v2\/types\/page"}],"author":[{"embeddable":true,"href":"https:\/\/kunzmann-invest.de\/index.php?rest_route=\/wp\/v2\/users\/1"}],"replies":[{"embeddable":true,"href":"https:\/\/kunzmann-invest.de\/index.php?rest_route=%2Fwp%2Fv2%2Fcomments&post=180"}],"version-history":[{"count":1,"href":"https:\/\/kunzmann-invest.de\/index.php?rest_route=\/wp\/v2\/pages\/180\/revisions"}],"predecessor-version":[{"id":181,"href":"https:\/\/kunzmann-invest.de\/index.php?rest_route=\/wp\/v2\/pages\/180\/revisions\/181"}],"wp:featuredmedia":[{"embeddable":true,"href":"https:\/\/kunzmann-invest.de\/index.php?rest_route=\/wp\/v2\/media\/147"}],"wp:attachment":[{"href":"https:\/\/kunzmann-invest.de\/index.php?rest_route=%2Fwp%2Fv2%2Fmedia&parent=180"}],"curies":[{"name":"wp","href":"https:\/\/api.w.org\/{rel}","templated":true}]}}